c87766?
-c87770
In base 5, what is 4 + 41411202?
41411211
In base 3, what is 101011100 - 2121211012?
-2020122212
In base 15, what is 6a934b + -5?
6a9346
In base 9, what is -1845461 + 2?
-1845458
In base 3, what is -1110 - 111120011120000?
-111120011121110
In base 10, what is 9 + 4522669?
4522678
In base 9, what is -4 + 120662780?
120662775
In base 13, what is -1c2 + -185a9?
-1879b
In base 4, what is 1011 + -20302010311?
-20302003300
In base 7, what is 4665 + 1034?
6032
In base 15, what is b - -10e053?
10e05e
In base 13, what is -3a9a - -2ca0?
-aca
In base 7, what is -4461 + -1156262?
-1164053
In base 15, what is -74 + -300a4?
-30128
In base 16, what is 4 + 61ff8c?
61ff90
In base 5, what is 112310140 + -44?
112310041
In base 5, what is -21 + -10142302?
-10142323
In base 12, what is -21041 + 3291?
-19970
In base 4, what is 1001323310330 - -100?
1001323311030
In base 10, what is -1 - -14802759?
14802758
In base 12, what is 0 + -7852501?
-7852501
In base 4, what is 310 + 322022100?
322023010
In base 16, what is 1ab4dec - -9?
1ab4df5
In base 3, what is 111 - 210002011212011?
-210002011211200
In base 3, what is 100110102 + 2000020?
102110122
In base 7, what is 4 - -221034316?
221034323
In base 10, what is 4 - -75896340?
75896344
In base 5, what is 142423223 + -2?
142423221
In base 15, what is -3980 - b894?
-10324
In base 10, what is 4 + -6118110?
-6118106
In base 11, what is 39835 + 745?
3a47a
In base 15, what is -2d + -1363b2?
-1363e0
In base 14, what is 3818 - 17d?
3679
In base 3, what is -12010101110 - -222?
-12010100111
In base 5, what is -3330042 + -110132?
-3440224
In base 5, what is -12003421233022 - 2?
-12003421233024
In base 13, what is 20 - -2cb3c?
2cb5c
In base 6, what is 1 - 150311404?
-150311403
In base 16, what is -4345c - -1a?
-43442
In base 3, what is 122010122000011001 - -1?
122010122000011002
In base 2, what is -111110010000 - 101001010001?
-1100111100001
In base 8, what is -10727566 + -12?
-10727600
In base 5, what is 32402014 + -4?
32402010
In base 12, what is -2785 + 789a?
5115
In base 12, what is -1412392b - 3?
-14123932
In base 5, what is 11034303131 - 32?
11034303044
In base 16, what is 4 - -323a6b6?
323a6ba
In base 16, what is -7e - 6909?
-6987
In base 11, what is 576 + a27?
14a2
In base 14, what is 3790c55 + 5?
3790c5a
In base 14, what is -2cc - -2582?
2294
In base 12, what is 203278 - -153?
20340b
In base 8, what is 2 - -16206567?
16206571
In base 11, what is -2118971 - 5?
-2118976
In base 5, what is -103123232 + -4?
-103123241
In base 5, what is -340 - -1342040033?
1342034143
In base 14, what is -2a9c7 - 6b?
-2aa54
In base 13, what is 4 - -a10c95?
a10c99
In base 11, what is 405491 + 77?
405558
In base 6, what is -25435011 - -1105?
-25433502
In base 11, what is 1281a55 + -49?
1281a07
In base 10, what is -3 - 2302398?
-2302401
In base 2, what is 10100 - 11100101111111001000000?
-11100101111111000101100
In base 3, what is -101 + 11200102221202?
11200102221101
In base 9, what is 18 + -3756760?
-3756741
In base 15, what is 1 + -264064?
-264063
In base 8, what is 4002564 + 7?
4002573
In base 6, what is 2001321353 - -3?
2001321400
In base 2, what is -1111 + -10010100111?
-10010110110
In base 14, what is -681d - -19bb?
-4c42
In base 10, what is -1568467 - -46?
-1568421
In base 9, what is 0 - -25352652?
25352652
In base 7, what is -4202433 + 12?
-4202421
In base 5, what is 23423111 + 1020?
23424131
In base 6, what is 2 - -14441430?
14441432
In base 9, what is 28612 + 0?
28612
In base 8, what is 133060753 + -7?
133060744
In base 11, what is -16846 - 321?
-17067
In base 9, what is 8 + 4400522?
4400531
In base 9, what is -130432756 + 6?
-130432750
In base 3, what is 1112102220110001 + 0?
1112102220110001
In base 6, what is -412212035 + -1?
-412212040
In base 9, what is -86202 - -502?
-85600
In base 7, what is -6630302 + 640?
-6626332
In base 3, what is 2 + -221000202210211222?
-221000202210211220
In base 11, what is -16226a - 13?
-162282
In base 4, what is -32132001012 - 0?
-32132001012
In base 14, what is -8 - 43b7009?
-43b7013
In base 6, what is 0 + -22045255?
-22045255
In base 15, what is a1c + 4559?
5076
In base 13, what is -6 + -a4b791?
-a4b797
In base 13, what is 285a361 + 18?
285a379
In base 14, what is 5 + -1b6285?
-1b6280
In base 9, what is 151 + -740301?
-740140
In base 13, what is 4622032 - 1?
4622031
In base 7, what is 41231566 - -15?
41231614
In base 6, what is -10305551 - -521?
-10305030
In base 12, what is -89b - 15524?
-16203
In base 16, what is 2 + -c29021?
-c2901f
In base 12, what is 4595691 - 7?
4595686
In base 13, what is -2 + 67108b?
671089
In base 15, what is -3ae48 - -169?
-3acce
In base 5, what is -24 + 3410213201?
3410213122
In base 15, what is 3b82 - 165c?
2525
In base 6, what is -52232534 - 1?
-52232535
In base 4, what is -2223 - -230101232313?
230101230030
In base 9, what is 43 - 22813115?
-22813062
In base 8, what is 6 + -45430637?
-45430631
In base 3, what is -1001 + 1021210211022?
1021210210021
In base 9, what is 1024783 - 863?
1023820
In base 2, what is 11101001000011010 + -110010011001?
11100010110000001
In base 16, what is 1105 - 7d8?
92d
In base 14, what is 76539061 - -4?
76539065
In base 8, what is -2 - 1227325?
-1227327
In base 7, what is -154 - 1361221?
-1361405
In base 8, what is -156665 + 23?
-156642
In base 14, what is -5 + 196b6?
196b1
In base 7, what is 434 - 440302?
-436535
In base 12, what is -172b998 - -5?
-172b993
In base 13, what is -4 - ac4a21?
-ac4a25
In base 4, what is -120103 - 1121301?
-1302010
In base 10, what is 1785 - 277745?
-275960
In base 8, what is 342 + 222373?
222735
In base 9, what is 5 + -80171157?
-80171152
In base 9, what is 4 + -10274225?
-10274221
In base 16, what is -3478 + -8a8?
-3d20
In base 15, what is -3 + 1dece4?
1dece1
In base 13, what is -4 - -48b303?
48b2cc
In base 11, what is -4 + a45336?
a45332
In base 10, what is -36554 - -975?
-35579
In base 13, what is 3 - 1344995?
-1344992
In base 9, what is -1720376 - -127?
-1720248
In base 9, what is -234761 - -266?
-234484
In base 10, what is -101 + -159681?
-159782
In base 6, what is -4024214510 - -5?
-4024214501
In base 10, what is -189 + -2542977?
-2543166
In base 14, what is b9503837 - 0?
b9503837
In base 6, what is -40020354 + 352?
-40020002
In base 16, what is 2 - -110e0611?
110e0613
In base 2, what is -11 - -10010101101001111100?
10010101101001111001
In base 4, what is -1210 - -101003020331?
101003013121
In base 8, what is 4 - -34711346?
34711352
In base 4, what is -100133330 - 112023?
-100312013
In base 4, what is -3 + -22211322331?
-22211323000
In base 10, what is -24579907 - 5?
-24579912
In base 15, what is -37 - -ebe1e?
ebdd7
In base 9, what is 12180 - -713?
13003
In base 4, what is 11 + -200313323?
-200313312
In base 6, what is 15543 + 51253?
111240
In base 9, what is -8 + 7845865?
7845856
In base 3, what is -1101120 + 112211111?
111102221
In base 3, what is -1101210 + 2022000?
220020
In base 2, what is -111 - -1100110111011011100111001?
1100110111011011100110010
In base 5, what is -4 - 1123300013?
-1123300022
In base 4, what is 300101231130 - -101?
300101231231
In base 8, what is -56 - -71202665?
71202607
In base 15, what is -3 - e8a069?
-e8a06c
In base 7, what is 656 - -64562?
65551
In base 7, what is 2101 + -66634?
-64533
In base 9, what is 61478505 - -1?
61478506
In base 8, what is -617475 - 1407?
-621104
In base 5, what is -14044132331 - -24?
-14044132302
In base 15, what is -1 - -1c6a1e?
1c6a1d
In base 16, what is 7f + -c9d9d?
-c9d1e
In base 8, what is -33073 - 1100?
-34173
In base 15, what is 452e8b - -1?
452e8c
In base 4, what is -1000300 + -222?
-1001122
In base 11, what is 10 - -808613?
808623
In base 3, what is 111 - -12201212121222?
12201212122110
In base 12, what is 288bb + -124?
28797
In base 9, what is 474215 - 487?
473617
In base 10, what is 13427467 - -7?
13427474
In base 7, what is 613525 - -2441?
616266
In base 2, what is 110011010011101011 - -111100111?
110011011011010010
In base 5, what is -13143313221 - -10?
-13143313211
In base 5, what is 341013 + -3021?
332442
In base 7, what is 115 + -2166320?
-2166202
In base 16, what is cbd72 - -2c?
cbd9e
In base 13, what is 2606 + 5820?
8126
In base 10, what is 2244159 - 1?
2244158
In base 12, what is -8 - -98b0?
98a4
In base 15, what is 